{"id":34,"date":"2020-05-09T15:39:10","date_gmt":"2020-05-09T15:39:10","guid":{"rendered":"http:\/\/demo.fanseethemes.com\/business-power\/?page_id=34"},"modified":"2022-03-05T17:18:20","modified_gmt":"2022-03-05T20:18:20","slug":"our-services","status":"publish","type":"page","link":"https:\/\/fullsafe.io\/index.php\/our-services\/","title":{"rendered":"NOSSOS SERVI\u00c7OS"},"content":{"rendered":"\n<p>Como objetivo principal, a Fullsafe Corporation presta Consultoria e Assessoria em Seguran\u00e7a na Tecnologia da Informa\u00e7\u00e3o, avaliando e ajudando a resolver problemas de vulnerabilidades encontradas.<\/p>\n\n\n\n<div class=\"wp-block-columns is-layout-flex wp-container-core-columns-is-layout-1 wp-block-columns-is-layout-flex\">\n<div class=\"wp-block-column is-layout-flow wp-block-column-is-layout-flow\">\n<h2 class=\"wp-block-heading\">Servi\u00e7os Prestados<\/h2>\n\n\n\n<p>Consultoria: Avaliamos todas as caracter\u00edsticas das estruturas dos nossos clientes, tanto equipamentos, quanto ao formato da estrutura, afim de podermos sugerir mudan\u00e7as quanto a melhoria para prote\u00e7\u00e3o e melhor uso das suas ferramentas e equipamentos.<\/p>\n\n\n\n<p>Assessoria: Ap\u00f3s a execu\u00e7\u00e3o da consultoria, entra a fase da assessoria, onde poderemos ajudar nossos clientes a executarem os servi\u00e7os necess\u00e1rios a solu\u00e7\u00e3o dos problemas analisados na consultoria.<\/p>\n\n\n\n<p>Monitoramento: Poderemos tamb\u00e9m estar monitorando equipamentos dos clientes contra vulnerabilidades, assim, informando em tempo h\u00e1bil, solu\u00e7\u00f5es que venham a previnir eventuais ataques.<\/p>\n\n\n\n<div class=\"wp-block-buttons is-layout-flex wp-block-buttons-is-layout-flex\">\n<div class=\"wp-block-button\"><a class=\"wp-block-button__link has-midnight-gradient-background has-text-color has-background\" href=\"#\" style=\"border-radius:50px;color:#ffffff\" target=\"_blank\" rel=\"noreferrer noopener\">Pre\u00e7os Competitivos<\/a><\/div>\n<\/div>\n<\/div>\n\n\n\n<div class=\"wp-block-column is-layout-flow wp-block-column-is-layout-flow\">\n<figure class=\"wp-block-image size-large\"><img loading=\"lazy\" decoding=\"async\" width=\"1024\" height=\"683\" src=\"http:\/\/demo.fanseethemes.com\/business-power\/wp-content\/uploads\/sites\/2\/2020\/05\/group-of-people-talking-to-each-other-in-front-of-brown-1181360-1024x683.jpg\" alt=\"\" class=\"wp-image-274\" srcset=\"https:\/\/fullsafe.io\/wp-content\/uploads\/2020\/05\/group-of-people-talking-to-each-other-in-front-of-brown-1181360-1024x683.jpg 1024w, https:\/\/fullsafe.io\/wp-content\/uploads\/2020\/05\/group-of-people-talking-to-each-other-in-front-of-brown-1181360-300x200.jpg 300w, https:\/\/fullsafe.io\/wp-content\/uploads\/2020\/05\/group-of-people-talking-to-each-other-in-front-of-brown-1181360-768x512.jpg 768w, https:\/\/fullsafe.io\/wp-content\/uploads\/2020\/05\/group-of-people-talking-to-each-other-in-front-of-brown-1181360.jpg 1280w\" sizes=\"(max-width: 1024px) 100vw, 1024px\" \/><\/figure>\n\n\n\n<p><\/p>\n<\/div>\n<\/div>\n\n\n\n<div class=\"wp-block-columns is-layout-flex wp-container-core-columns-is-layout-2 wp-block-columns-is-layout-flex\">\n<div class=\"wp-block-column is-vertically-aligned-top is-layout-flow wp-block-column-is-layout-flow\">\n<figure class=\"wp-block-image size-large\"><img loading=\"lazy\" decoding=\"async\" width=\"640\" height=\"426\" src=\"http:\/\/demo.fanseethemes.com\/business-power\/wp-content\/uploads\/sites\/2\/2020\/05\/group-oo-people-having-a-meeting-1367276.jpg\" alt=\"\" class=\"wp-image-98\" srcset=\"https:\/\/fullsafe.io\/wp-content\/uploads\/2020\/05\/group-oo-people-having-a-meeting-1367276.jpg 640w, https:\/\/fullsafe.io\/wp-content\/uploads\/2020\/05\/group-oo-people-having-a-meeting-1367276-300x200.jpg 300w\" sizes=\"(max-width: 640px) 100vw, 640px\" \/><\/figure>\n\n\n\n<h3 class=\"wp-block-heading\">Consultoria<\/h3>\n\n\n\n<p>Analisar e apurar todos os dados de problemas de TI da empresa, bem como a estrutura administrativa.<\/p>\n<\/div>\n\n\n\n<div class=\"wp-block-column is-layout-flow wp-block-column-is-layout-flow\">\n<figure class=\"wp-block-image size-large\"><img loading=\"lazy\" decoding=\"async\" width=\"1024\" height=\"683\" src=\"http:\/\/demo.fanseethemes.com\/business-power\/wp-content\/uploads\/sites\/2\/2020\/05\/people-sitting-beside-brown-wooden-desk-near-flat-screen-tv-1181355-1024x683.jpg\" alt=\"\" class=\"wp-image-30\" srcset=\"https:\/\/fullsafe.io\/wp-content\/uploads\/2020\/05\/people-sitting-beside-brown-wooden-desk-near-flat-screen-tv-1181355-1024x683.jpg 1024w, https:\/\/fullsafe.io\/wp-content\/uploads\/2020\/05\/people-sitting-beside-brown-wooden-desk-near-flat-screen-tv-1181355-300x200.jpg 300w, https:\/\/fullsafe.io\/wp-content\/uploads\/2020\/05\/people-sitting-beside-brown-wooden-desk-near-flat-screen-tv-1181355-768x512.jpg 768w, https:\/\/fullsafe.io\/wp-content\/uploads\/2020\/05\/people-sitting-beside-brown-wooden-desk-near-flat-screen-tv-1181355.jpg 1280w\" sizes=\"(max-width: 1024px) 100vw, 1024px\" \/><\/figure>\n\n\n\n<h3 class=\"wp-block-heading\">Assessoria<\/h3>\n\n\n\n<p>Executar a\u00e7\u00f5es para solucionar problemas detectados na Consultoria.<\/p>\n<\/div>\n\n\n\n<div class=\"wp-block-column is-layout-flow wp-block-column-is-layout-flow\">\n<figure class=\"wp-block-image size-large\"><img loading=\"lazy\" decoding=\"async\" width=\"1024\" height=\"683\" src=\"http:\/\/demo.fanseethemes.com\/business-power\/wp-content\/uploads\/sites\/2\/2020\/05\/group-of-people-in-conference-room-1181304-1-1024x683.jpg\" alt=\"\" class=\"wp-image-82\" srcset=\"https:\/\/fullsafe.io\/wp-content\/uploads\/2020\/05\/group-of-people-in-conference-room-1181304-1-1024x683.jpg 1024w, https:\/\/fullsafe.io\/wp-content\/uploads\/2020\/05\/group-of-people-in-conference-room-1181304-1-300x200.jpg 300w, https:\/\/fullsafe.io\/wp-content\/uploads\/2020\/05\/group-of-people-in-conference-room-1181304-1-768x512.jpg 768w, https:\/\/fullsafe.io\/wp-content\/uploads\/2020\/05\/group-of-people-in-conference-room-1181304-1.jpg 1280w\" sizes=\"(max-width: 1024px) 100vw, 1024px\" \/><\/figure>\n\n\n\n<h3 class=\"wp-block-heading\">Optimiza\u00e7\u00e3o da Estrutura<\/h3>\n\n\n\n<p>Fazer modifica\u00e7\u00f5es caso necess\u00e1rio, em procedimentos, equipamentos e\/ou rede para um perfeito funcionamento. <\/p>\n<\/div>\n<\/div>\n\n\n\n<div class=\"wp-block-columns is-layout-flex wp-container-core-columns-is-layout-3 wp-block-columns-is-layout-flex\">\n<div class=\"wp-block-column is-vertically-aligned-top is-layout-flow wp-block-column-is-layout-flow\">\n<figure class=\"wp-block-image size-large\"><img loading=\"lazy\" decoding=\"async\" width=\"1024\" height=\"683\" src=\"http:\/\/demo.fanseethemes.com\/business-power\/wp-content\/uploads\/sites\/2\/2020\/05\/man-sitting-with-laptop-computer-on-desk-and-lamp-1586996-1-1024x683.jpg\" alt=\"\" class=\"wp-image-17\" srcset=\"https:\/\/fullsafe.io\/wp-content\/uploads\/2020\/05\/man-sitting-with-laptop-computer-on-desk-and-lamp-1586996-1-1024x683.jpg 1024w, https:\/\/fullsafe.io\/wp-content\/uploads\/2020\/05\/man-sitting-with-laptop-computer-on-desk-and-lamp-1586996-1-300x200.jpg 300w, https:\/\/fullsafe.io\/wp-content\/uploads\/2020\/05\/man-sitting-with-laptop-computer-on-desk-and-lamp-1586996-1-768x512.jpg 768w, https:\/\/fullsafe.io\/wp-content\/uploads\/2020\/05\/man-sitting-with-laptop-computer-on-desk-and-lamp-1586996-1.jpg 1280w\" sizes=\"(max-width: 1024px) 100vw, 1024px\" \/><\/figure>\n\n\n\n<h3 class=\"wp-block-heading\">Monitoramento<\/h3>\n\n\n\n<p>Verificar 24&#215;7 tudo que acontece nos equipamentos e\/ou rede de computadores da empresa.<\/p>\n<\/div>\n\n\n\n<div class=\"wp-block-column is-layout-flow wp-block-column-is-layout-flow\">\n<figure class=\"wp-block-image size-large\"><img loading=\"lazy\" decoding=\"async\" width=\"1024\" height=\"683\" src=\"http:\/\/demo.fanseethemes.com\/business-power\/wp-content\/uploads\/sites\/2\/2020\/05\/people-sitting-beside-brown-wooden-desk-near-flat-screen-tv-1181355-1024x683.jpg\" alt=\"\" class=\"wp-image-30\" srcset=\"https:\/\/fullsafe.io\/wp-content\/uploads\/2020\/05\/people-sitting-beside-brown-wooden-desk-near-flat-screen-tv-1181355-1024x683.jpg 1024w, https:\/\/fullsafe.io\/wp-content\/uploads\/2020\/05\/people-sitting-beside-brown-wooden-desk-near-flat-screen-tv-1181355-300x200.jpg 300w, https:\/\/fullsafe.io\/wp-content\/uploads\/2020\/05\/people-sitting-beside-brown-wooden-desk-near-flat-screen-tv-1181355-768x512.jpg 768w, https:\/\/fullsafe.io\/wp-content\/uploads\/2020\/05\/people-sitting-beside-brown-wooden-desk-near-flat-screen-tv-1181355.jpg 1280w\" sizes=\"(max-width: 1024px) 100vw, 1024px\" \/><\/figure>\n\n\n\n<h3 class=\"wp-block-heading\">Relat\u00f3rios de An\u00e1lises<\/h3>\n\n\n\n<p>Emitir relat\u00f3rios mensais para acompanhamento dos problemas X solu\u00e7\u00f5es depois da Assessoria.<\/p>\n<\/div>\n\n\n\n<div class=\"wp-block-column is-layout-flow wp-block-column-is-layout-flow\">\n<figure class=\"wp-block-image size-large\"><img loading=\"lazy\" decoding=\"async\" width=\"640\" height=\"426\" src=\"http:\/\/demo.fanseethemes.com\/business-power\/wp-content\/uploads\/sites\/2\/2020\/05\/photo-of-people-having-meeting-3183186.jpg\" alt=\"\" class=\"wp-image-101\" srcset=\"https:\/\/fullsafe.io\/wp-content\/uploads\/2020\/05\/photo-of-people-having-meeting-3183186.jpg 640w, https:\/\/fullsafe.io\/wp-content\/uploads\/2020\/05\/photo-of-people-having-meeting-3183186-300x200.jpg 300w\" sizes=\"(max-width: 640px) 100vw, 640px\" \/><\/figure>\n\n\n\n<h3 class=\"wp-block-heading\">Simula\u00e7\u00f5es de Problemas<\/h3>\n\n\n\n<p>Um dos melhores servi\u00e7os, aquele que permite testar se ainda tem alguma vulnerabilidade que foi encontrada na Consultoria.<\/p>\n<\/div>\n<\/div>\n","protected":false},"excerpt":{"rendered":"<p>Como objetivo principal, a Fullsafe Corporation presta Consultoria e Assessoria em Seguran\u00e7a na Tecnologia da Informa\u00e7\u00e3o, avaliando e ajudando a resolver problemas de vulnerabilidades encontradas. Servi\u00e7os Prestados Consultoria: Avaliamos todas as caracter\u00edsticas das estruturas dos nossos clientes, tanto equipamentos, quanto ao formato da estrutura, afim de podermos sugerir mudan\u00e7as quanto a melhoria para prote\u00e7\u00e3o e [&hellip;]<\/p>\n","protected":false},"author":1,"featured_media":30,"parent":0,"menu_order":0,"comment_status":"closed","ping_status":"closed","template":"","meta":{"footnotes":""},"_links":{"self":[{"href":"https:\/\/fullsafe.io\/index.php\/wp-json\/wp\/v2\/pages\/34"}],"collection":[{"href":"https:\/\/fullsafe.io\/index.php\/wp-json\/wp\/v2\/pages"}],"about":[{"href":"https:\/\/fullsafe.io\/index.php\/wp-json\/wp\/v2\/types\/page"}],"author":[{"embeddable":true,"href":"https:\/\/fullsafe.io\/index.php\/wp-json\/wp\/v2\/users\/1"}],"replies":[{"embeddable":true,"href":"https:\/\/fullsafe.io\/index.php\/wp-json\/wp\/v2\/comments?post=34"}],"version-history":[{"count":4,"href":"https:\/\/fullsafe.io\/index.php\/wp-json\/wp\/v2\/pages\/34\/revisions"}],"predecessor-version":[{"id":2059,"href":"https:\/\/fullsafe.io\/index.php\/wp-json\/wp\/v2\/pages\/34\/revisions\/2059"}],"wp:featuredmedia":[{"embeddable":true,"href":"https:\/\/fullsafe.io\/index.php\/wp-json\/wp\/v2\/media\/30"}],"wp:attachment":[{"href":"https:\/\/fullsafe.io\/index.php\/wp-json\/wp\/v2\/media?parent=34"}],"curies":[{"name":"wp","href":"https:\/\/api.w.org\/{rel}","templated":true}]}}